811642483 prime?
False
Is 1090221663 a prime number?
False
Is 154783533 a composite number?
True
Is 13305268451 a prime number?
True
Is 14586096431 prime?
False
Is 1292359889 a composite number?
False
Is 42691042213 composite?
True
Is 7620137047 composite?
True
Is 390771985849 composite?
True
Is 5679729647 a composite number?
True
Is 8095693633 a prime number?
True
Is 6476363017 a composite number?
False
Is 761224097 prime?
True
Is 633268607 a prime number?
True
Is 63146009 composite?
True
Is 97523737951 prime?
True
Is 57820556351 composite?
False
Is 2117682217 a prime number?
False
Is 82631406479 a composite number?
True
Is 13046167837 composite?
True
Is 36183892439 prime?
False
Is 14559577381 a composite number?
False
Is 416675387 a composite number?
True
Is 124072801 a prime number?
True
Is 6188523251 composite?
True
Is 792716203 a composite number?
True
Is 642703771 prime?
False
Is 22928530957 a prime number?
True
Is 12958382693 a prime number?
False
Is 1331057591 composite?
False
Is 7736554363 a composite number?
False
Is 9015958927 composite?
True
Is 20257940629 prime?
False
Is 250090801 prime?
False
Is 4362240853 a prime number?
True
Is 575740051 a prime number?
True
Is 101742260863 a prime number?
False
Is 376178129 a composite number?
True
Is 28733437 a composite number?
True
Is 4598691679 prime?
True
Is 2707868963 prime?
False
Is 827802163 composite?
True
Is 3206536115 a composite number?
True
Is 2369845207 prime?
False
Is 662643577 a composite number?
True
Is 23191786951 prime?
True
Is 857004691 prime?
False
Is 2887953451 composite?
True
Is 2860549039 a composite number?
False
Is 1146873709 a composite number?
True
Is 3524827363 a composite number?
True
Is 150017070551 a prime number?
True
Is 19957850177 composite?
True
Is 116016481 composite?
True
Is 14648680603 a prime number?
False
Is 384598069 a composite number?
False
Is 83539721 a prime number?
True
Is 260575543 prime?
False
Is 70061348099 prime?
True
Is 10949883359 composite?
True
Is 3032634281 composite?
False
Is 593087749 prime?
False
Is 782459753 a composite number?
False
Is 1994254217 composite?
True
Is 28180927963 a prime number?
True
Is 1456068307 composite?
False
Is 178619656739 composite?
True
Is 5288223965 composite?
True
Is 65077111 a prime number?
False
Is 13640993518 a prime number?
False
Is 7110870373 composite?
True
Is 66625543267 a prime number?
False
Is 1829748353 composite?
True
Is 2081292341 a composite number?
False
Is 76801380995 a composite number?
True
Is 11873667721 a prime number?
True
Is 29432777755 composite?
True
Is 797883199 a composite number?
True
Is 7841077891 a prime number?
False
Is 1005278861 a prime number?
True
Is 196877904869 prime?
True
Is 357988627 composite?
False
Is 1508962331 prime?
False
Is 10385441567 composite?
True
Is 6999841099 a composite number?
True
Is 1332674279 composite?
True
Is 317255159 a prime number?
False
Is 1746329567 composite?
False
Is 10167782689 a composite number?
True
Is 128575885 prime?
False
Is 1247630563 prime?
True
Is 9604677389 prime?
True
Is 25948731971 prime?
False
Is 2174408387 a prime number?
False
Is 7657663037 a composite number?
False
Is 46907955761 a composite number?
True
Is 426030393 a prime number?
False
Is 234372473 composite?
True
Is 394353431 a composite number?
False
Is 3093767203 composite?
False
Is 76785043619 composite?
True
Is 115790586437 a prime number?
True
Is 2516285773 a composite number?
True
Is 120755978803 composite?
False
Is 1659793417 prime?
True
Is 4119780293 a prime number?
False
Is 2768965877 composite?
True
Is 10991728163 a prime number?
False
Is 6466428429 prime?
False
Is 3758215421 a prime number?
False
Is 384392863 prime?
True
Is 3798548399 a prime number?
True
Is 861503281 composite?
False
Is 4200834173 composite?
True
Is 71108861 composite?
True
Is 76267723 prime?
False
Is 328271597 a composite number?
False
Is 6008019539 prime?
True
Is 18507258421 composite?
False
Is 34266237073 composite?
False
Is 2570457577 composite?
False
Is 1302759065 a prime number?
False
Is 42070751563 prime?
False
Is 7146954233 a prime number?
True
Is 1645928519 composite?
False
Is 3604095461 a composite number?
False
Is 96910463 composite?
True
Is 3415871423 prime?
True
Is 606856363 prime?
True
Is 952108727 prime?
True
Is 379384429 a prime number?
True
Is 2105850817 prime?
False
Is 33754204039 a composite number?
False
Is 18102756829 prime?
False
Is 4286528417 a prime number?
True
Is 1308693149 prime?
False
Is 273005626841 a prime number?
True
Is 1726053127 composite?
True
Is 93374357 composite?
True
Is 199688891 composite?
True
Is 4250966777 a prime number?
True
Is 96618383 prime?
True
Is 16671866839 a composite number?
False
Is 1009682747 a composite number?
False
Is 309895945 a prime number?
False
Is 3463761187 composite?
False
Is 411434249 a prime number?
True
Is 14303941709 a prime number?
False
Is 100605829853 a prime number?
True
Is 13776167777 prime?
False
Is 290280317 composite?
False
Is 4684941697 a composite number?
True
Is 7235320783 prime?
False
Is 58915112323 composite?
True
Is 8682140971 composite?
True
Is 334586279 composite?
True
Is 63689551 composite?
True
Is 4248516803 prime?
True
Is 4001398339 a composite number?
False
Is 317758513 composite?
False
Is 5019031027 a prime number?
True
Is 3925810901 prime?
False
Is 588610459 a prime number?
True
Is 2394778223 composite?
True
Is 49236405961 composite?
True
Is 957727781 composite?
False
Is 1739907307 a composite number?
False
Is 582371351 a prime number?
True
Is 80636402303 composite?
False
Is 519001829 a prime number?
True
Is 24413707679 a prime number?
False
Is 227043953337 composite?
True
Is 47835020801 prime?
False
Is 70139238019 a composite number?
False
Is 31280881 composite?
False
Is 39999427339 prime?
True
Is 182666749 a prime number?
True
Is 8097047 a composite number?
True
Is 5290949849 composite?
True
Is 1460191657 composite?
True
Is 15647770493 prime?
True
Is 60045943 a prime number?
True
Is 2218038391 prime?
True
Is 415618927 prime?
False
Is 179638447 a composite number?
False
Is 2787760741 a prime number?
False
Is 5437817051 a prime number?
False
Is 357166951 prime?
True
Is 945519577 a composite number?
False
Is 542783627 a composite number?
True
Is 49187409639 a prime number?
False
Is 3177432337 prime?
False
Is 159202222177 a composite number?
False
Is 51805339 a composite number?
True
Is 234440611 a prime number?
False
Is 192490871 a prime number?
True
Is 15531316631 a prime number?
False
Is 1124823743 composite?
False
Is 3233967441 a prime number?
False
Is 3178982447 a composite number?
False
Is 6497843113 a prime number?
False
Is 702059977 composite?
True
Is 36283229053 prime?
False
Is 7666178473 prime?
True
Is 114763950815 a composite number?
True
Is 870985387 a composite number?
False
Is 13353055801 a prime number?
True
Is 5104159103 composite?
True
Is 243365457707 composite?
False
Is 2516511854 a composite number?
True
Is 7030438421 composite?
True
Is 25348829777 prime?
False
Is 89889197 a prime number?
True
Is 971958549 composite?
True
Is 948516367 a prime number?
True
Is 11104967141 composite?
True
Is 3866315281 prime?
False
Is 18336623707 prime?
False
Is 18152079911 composite?
True
Is 348311797 composite?
False
Is 7445236397 a prime number?
False
Is 84453495983 a composite number?
False
Is 602024231 prime?
False
Is 86462814491 composite?
True
Is 6405233387 prime?
False
Is 11681496538 composite?
True
Is 18646869047 composite?
False
Is 52717145359 composite?
True
Is 3310846613 a prime number?
True
Is 109578059 a prime number?
True
Is 16319842367 prime?
False
Is 4696386359 a prime number?
False
Is 171106624391 a prime number?
False
Is 60294289 prime?
False
Is 11069812501 composite?
True
Is 1603559641 a prime number?
True
Is 379754107 a composite number?
False
Is 103330923281 a composite number?
False
Is 18324962729 prime?
True
Is 131935765421 prime?
False
Is 4583577902 composite?
True
Is 546143827 a composite number?
True
Is 2555296589 prime?
True
Is 204750409 a composite number?
True
Is 80170241 composite?
True
Is 4353352483 a composite number?
True
Is 104851339 prime?
True
Is 35564529469 prime?
False
Is 7227619053 prime?
False
Is 1562920733 a prime number?
False
Is 149429263909 a composite number?
Tru